e greatest common divisor of f and 11.
11
Let j(w) = w + 9. Let s be j(0). Suppose y - s = -u, 2*y - u = -2*y + 11. Calculate the highest common divisor of 1 and y.
1
Let x(s) = 8*s**2 - 6*s - 5. Let z be x(-4). Suppose -a - 3 = 0, v + a - z = -4*v. What is the highest common divisor of v and 20?
10
Let l be 3/(-2)*12/9. Let c(d) = d**2 + 2*d + 2. Let k be c(l). What is the greatest common divisor of 2 and k?
2
Let f be (-132)/(-10)*(-10)/(-3). Let i be 7/21*(10 + 2). Calculate the greatest common divisor of f and i.
4
Let c(h) = -h - 1. Let u be c(-2). Suppose -4*j - 10 = k, -5*k = -j - u + 9. Let t be -2*3/k - -141. What is the highest common divisor of t and 18?
18
Suppose 0 = -8*f + 30 + 34. What is the highest common divisor of f and 20?
4
Suppose -3*o + n + 0*n - 48 = 0, 4*n = 0. Let a be o*(4/8)/(-1). What is the highest common factor of a and 56?
8
Suppose 25 = 5*f, -j + f + 173 = -4*f. Let g = 28 - -4. Let u be 2 - 5/((-10)/g). Calculate the highest common factor of j and u.
18
Let q(i) = -4*i + 2*i**2 - i**2 - 2*i. Let g be (21/(-2))/3*-2. Let a be q(g). What is the highest common divisor of 49 and a?
7
Let o(f) = f**2 + 5*f. Let c be o(-4). Let a = 8 + c. Suppose 3*w + a = 4*w. What is the greatest common divisor of w and 20?
4
Let q be (208/12)/(12/18). What is the highest common divisor of q and 39?
13
Let p be (2/(-3))/(1/(-6)). Let c be 10*(-2)/p*-2. Let z(y) = -y**3 - 5*y**2 + 5. Let r be z(-5). What is the highest common divisor of r and c?
5
Suppose -2*h + 21 = 3*f, -4*h = -h - 4*f - 6. Let k(b) = -b**2 + 9*b - 2. Let z be k(h). Let p = 1 + 1. What is the greatest common divisor of p and z?
2
Suppose 3*h = i - 2*h - 13, -4*i + h = -71. Let g = -10 + i. Calculate the highest common divisor of 20 and g.
4
Let r(v) = 3*v - 2. Let d be r(-2). Let h be 5/(-2)*d/10. Suppose 0 = -2*i - 0*q - q + 6, 0 = 4*q + 8. What is the highest common divisor of h and i?
2
Let c(a) = -a**3 - 3*a**2 - 3*a. Let n be c(-2). Let x be (-3 + n)*0 + 6. What is the greatest common divisor of x and 18?
6
Let r be (-8)/14 + -4*848/(-56). Calculate the highest common factor of r and 24.
12
Let p be (-4 - -3)*(2 + 0). Let c be 1*p/4*-10. Suppose -12 = 5*d - 17*d. Calculate the greatest common divisor of d and c.
1
Let u be (-4)/(-6) + (-14)/3. Let k be (-254)/(-10) - u/(-10). Suppose 2*t - 5*g + 4 - 53 = 0, -5*g = k. What is the greatest common divisor of t and 84?
12
Let k(h) = -2*h**3 + h + 1. Let j be k(-2). Calculate the highest common divisor of j and 135.
15
Let u be 1/(2/(1 - -85)). Suppose -u - 21 = -c. What is the highest common divisor of c and 8?
8
Let u(m) = 10*m**2 - 5*m + 3*m - 1 - 2*m. Let s = 8 + -4. Let p be u(s). What is the greatest common factor of 13 and p?
13
Let j(a) = 4*a - 2. Let x be j(2). Let u = -5 + -9. Let o = u - -20. Calculate the highest common divisor of x and o.
6
Suppose -2*g + 5*t = -19, -2*t = g + 3*t + 13. Calculate the greatest common factor of g and 3.
1
Let v be (2 - -1) + 324/4. Calculate the greatest common divisor of v and 28.
28
Let x be (-1 - 0)/(1/(-34)). Let n = x - 12. Let p be (-2 - 11 - -2)*-3. Calculate the highest common factor of n and p.
11
Suppose -34 = -2*r + 2*h, -2*h = -r + 3*r - 14. Calculate the greatest common factor of 72 and r.
12
Let o be (28/4)/((-2)/(-4)). What is the highest common divisor of 56 and o?
14
Let y = -3 - -3. Suppose 0 = -2*j + 5*k + 46, -2*j + 3*k + k + 42 = y. What is the greatest common factor of 65 and j?
13
Let i = -387 - -611. Calculate the highest common factor of i and 14.
14
Suppose -a = -41 + 12. Let g = a + -15. What is the highest common factor of 14 and g?
14
Suppose 184 = 5*i - 86. What is the highest common divisor of i and 81?
27
Let j be (((-440)/6)/(-1))/(5/15). Calculate the greatest common factor of 20 and j.
20
Suppose 4*o - 6 = 26. Let k = -5 + 69. Calculate the highest common divisor of o and k.
8
Suppose -32*b + 22*b + 140 = 0. Let w(s) = -s**3 + 6*s**2 + 2*s + 7. Let n be w(5). Suppose -4*o + n = -o. Calculate the highest common factor of b and o.
14
Let u(m) = m**3 + 2*m**2 - m - 1. Let z be u(2). Let g be 6/(-4) - (-58)/4. Calculate the greatest common divisor of g and z.
13
Let u be 1/(-6) + (-858)/36. Let d = 60 + u. Calculate the highest common divisor of d and 4.
4
Suppose 0 = -d - d + 44. Let f = -12 + 17. Suppose 209 = f*w + 44. Calculate the highest common factor of d and w.
11
Let t be 72/(1 + -3 - -3). Suppose -3*i - i + t = 0. Calculate the highest common factor of 12 and i.
6
Suppose 4*t = j + 2*t - 7, -3*j = 3*t - 12. Suppose 0 = 2*p + 4*q + q + 17, -j*p - 8 = q. Let x be 1/p - 3*-7. What is the greatest common divisor of 80 and x?
20
Let z = 10 - 4. Suppose -5 = -4*u - w, -21 + z = -u - 3*w. Suppose u*b - b = -54. Calculate the highest common factor of 6 and b.
6
Let h(a) = 5*a - 1. Let w be 5 - 3 - (8 + 1). Let z be h(w). Let c be z/(-8)*4/3. What is the greatest common factor of 54 and c?
6
Suppose -26 - 74 = -2*y. Suppose -145 - 65 = -5*f. Suppose -f = -4*c - 2. What is the highest common divisor of y and c?
10
Let b(j) = j**3 + 3*j**2 - 1. Let r be b(-1). Let g be (84/30)/((-2)/(-5)) - -2. What is the greatest common divisor of r and g?
1
Suppose 0*k + 280 = 5*k. Calculate the greatest common factor of 8 and k.
8
Suppose 2*d = 38 + 4. Let v be (45/d - 3)*-7. Calculate the highest common factor of v and 48.
6
Let p be (22/(-1))/((-4)/14). Calculate the greatest common factor of p and 11.
11
Let p be -2 + (-300)/(-3) + (0 - -1). What is the greatest common divisor of p and 22?
11
Suppose -2*q = -45 - 15. Let j be (-80)/(-14) - 6/(-21). Let l be 20/(-3)*(-9)/j. Calculate the greatest common divisor of l and q.
10
Let f be (-2)/(-6) + 208/6. Let y(u) = u + 8. Let k be y(6). What is the greatest common divisor of f and k?
7
Suppose -w + 171 = -0*w. Let s = 1 + 18. What is the greatest common factor of s and w?
19
Let v = 116 - 90. Calculate the greatest common factor of 104 and v.
26
Let u(m) = 2*m + 32. Let q be u(0). What is the greatest common divisor of 8 and q?
8
Let w = 62 + -44. Suppose -4 = 2*c - 292. Calculate the greatest common factor of c and w.
18
Let u = 100 - 256. Let c = -76 - u. What is the greatest common factor of c and 32?
16
Let x be (2 - 3 - 191)*6/(-8). What is the greatest common factor of x and 18?
18
Suppose 2*g + 45 = 5*g. Suppose 0 = 3*x - 8 - 7. Suppose -c + 3*z + 0*z = -3, 0 = x*c + z - g. Calculate the highest common divisor of c and 2.
1
Suppose -25*w + 24 = -21*w. What is the greatest common factor of w and 30?
6
Let q(j) = -j**3 - 26*j**2 + 24*j - 51. Let i be q(-27). What is the highest common factor of 10 and i?
10
Let x(m) = 2*m. Let c be x(4). Suppose 6*t + 5*t - 352 = 0. What is the highest common factor of c and t?
8
Let t be ((-150)/(-4))/((-9)/(-24)). Suppose 0 = -3*d - 4*f + 132, -2*f = -4*d - 5*f + 169. What is the greatest common divisor of d and t?
20
Let q(m) = -m**3 - 7*m**2 - 9*m - 14. Let t be q(-6). Calculate the greatest common divisor of 3 and t.
1
Let s(u) = -1. Let n(w) = 10*w + 7. Let q(j) = -2*n(j) - 18*s(j). Let f be q(-3). What is the highest common factor of 8 and f?
8
Let l(o) = 3*o + 12. Let w be l(12). Calculate the highest common divisor of 16 and w.
16
Suppose -4*k = -3*o - 168, 2*k + 5*o - 84 = -0*k. Calculate the greatest common divisor of 28 and k.
14
Suppose 4*z - 4 = -5*n, 3*z + z = 3*n + 4. Suppose n*w + 72 = 4*w. Calculate the greatest common factor of w and 12.
6
Let a(g) = -5*g - 1. Let y be a(-4). What is the greatest common divisor of 19 and y?
19
Let a be 1/2*16*4. Suppose 2*w = -5*p + a, -3*w - 4*p + 38 = p. What is the greatest common factor of w and 6?
6
Suppose 0 = 2*j - 5*q - 24, -2*j - q = -4*j + 24. Let z = 122 + -86. Calculate the greatest common divisor of j and z.
12
Let y(z) = 3*z**2 + 3*z - 5. Let s = 13 - 25. Let h be (21/s)/((-4)/(-16)). Let c be y(h). Calculate the highest common factor of 11 and c.
11
Suppose -m = 3*m. Suppose -3*i - 16 = 5*r - 48, -2*i + 2*r = m. What is the highest common divisor of 20 and i?
4
Let q(r) = 2 - 7 + 2 + 4*r. Let a be q(2). Suppose a*s - 42 = -4*m, 26 = 4*m - 4*s + 2. What is the highest common factor of 8 and m?
8
Suppose -3*b + 30 + 2 = 5*d, -5*b = -d - 16. Suppose -8*u + d*u = -a + 43, 134 = 4*a + 3*u. Calcul